{"id":168,"date":"2018-03-14T09:54:26","date_gmt":"2018-03-14T08:54:26","guid":{"rendered":"http:\/\/inpar.pl\/?page_id=168"},"modified":"2024-11-28T15:40:44","modified_gmt":"2024-11-28T14:40:44","slug":"internet-mobilny","status":"publish","type":"page","link":"https:\/\/www.inpar.pl\/index.php\/internet-mobilny\/","title":{"rendered":"Internet mobilny"},"content":{"rendered":"<div class=\"wpb-content-wrapper\"><p>[vc_row gap=&#8221;35&#8243; css_animation=&#8221;slideInDown&#8221;][vc_column width=&#8221;1\/2&#8243;][vc_single_image image=&#8221;833&#8243; img_size=&#8221;full&#8221; alignment=&#8221;center&#8221; style=&#8221;vc_box_outline&#8221;][\/vc_column][vc_column width=&#8221;1\/2&#8243; css=&#8221;.vc_custom_1525346327326{padding-top: 80px !important;}&#8221;]<div class=\"fancy_heading fancy_heading_line\"><div class=\"fh-top\"><\/div><h2 class=\"title\">Internet mobilny<\/h2><\/div>\n[vc_column_text]<\/p>\n<p style=\"text-align: center;\">Informujemy,\u00a0 o wprowadzeniu do naszej oferty\u00a0us\u0142ugi<\/p>\n<h2 style=\"text-align: center;\"><strong>\u201ezawsze On-Line\u201d<\/strong><\/h2>\n<p style=\"text-align: center;\">polegaj\u0105cej na mo\u017cliwo\u015bci wykupienia dodatkowego pakietu, kt\u00f3ry zapewnia niezale\u017cny od naszej infrastruktury dost\u0119p do sieci Internet w technologi 3G.<\/p>\n<p>[\/vc_column_text][\/vc_column][\/vc_row][vc_row][vc_column][vc_column_text css=&#8221;&#8221;]Ofert\u0119 kierujemy do abonent\u00f3w wymagaj\u0105cych sta\u0142ego dost\u0119pu do sieci Internet- r\u00f3wnie\u017c poza miejscem zamieszkania np.<\/p>\n<p>\u2013 uczni\u00f3w,<\/p>\n<p>\u2013 student\u00f3w,<\/p>\n<p>\u2013 osoby pracuj\u0105ce w terenie<\/p>\n<p>\u2013 u\u017cytkownik\u00f3w domk\u00f3w letniskowych,<\/p>\n<p>&nbsp;<\/p>\n<p><strong>Koszt us\u0142ugi to 40 z\u0142 miesi\u0119cznie!<\/strong>&#8211; <strong>\u00a0<\/strong>cena tylko dla u\u017cytkownik\u00f3w firmy INPAR posiadaj\u0105cych aktywn\u0105 umow\u0119 na internet stacjonarny lub bezprzewodowy oraz dla nowych abonent\u00f3w, kt\u00f3rzy wybior\u0105 dost\u0119p do sieci Internet w naszej firmie.[\/vc_column_text][\/vc_column][\/vc_row][vc_row][vc_column][vc_message]Dodatkowe szczeg\u00f3\u0142y dotycz\u0105ce us\u0142ugi &#8222;zawsze On-Line&#8221; uzyskaj\u0105 Pa\u0144stwo w naszym Biurze Obs\u0142ugi Klienta od poniedzia\u0142ku do pi\u0105tku w godz. 9.00-<\/p>\n<p>16:00 lub pod nr tel. 607-208-221<\/p>\n<p>PROMOCJA wa\u017cna od 1.02.2023 do odwo\u0142ania.<br \/>\nPromocja ograniczona czasowo i terytorialnie, ulotka nie stanowi oferty handlowej w rozumieniu przepis\u00f3w prawa.[\/vc_message][\/vc_column][\/vc_row][vc_row][vc_column][vc_empty_space][\/vc_column][\/vc_row][vc_row][vc_column css_animation=&#8221;fadeInLeft&#8221; width=&#8221;1\/2&#8243; css=&#8221;.vc_custom_1521838394163{padding-top: 25px !important;}&#8221;]<div class=\"fancy_heading fancy_heading_line\"><div class=\"fh-top\"><\/div><h2 class=\"title\">Modem 3G HSPA DWM-157<\/h2><\/div>\n[vc_column_text]<\/p>\n<ul>\n<li>Sie\u0107 HSUPA\/HSDPA\/UMTS oraz GSM\/GPRS\/EDGE<\/li>\n<li>Maksymalna pr\u0119dko\u015b\u0107 pobierania do 21.6 Mb\/s<\/li>\n<li>Maksymalna pr\u0119dko\u015b\u0107 wysy\u0142ania do 5.76 Mb\/s<\/li>\n<li>Wej\u015bcie na kart\u0119 SIM\/USIM<\/li>\n<li>Wej\u015bcie na kart\u0119 MicroSD (do 32GB)<\/li>\n<\/ul>\n<p>[\/vc_column_text][\/vc_column][vc_column css_animation=&#8221;fadeInRight&#8221; width=&#8221;1\/2&#8243;][vc_single_image image=&#8221;599&#8243; img_size=&#8221;full&#8221;][\/vc_column][\/vc_row]<\/p>\n<\/div>","protected":false},"excerpt":{"rendered":"<p>[vc_row gap=&#8221;35&#8243; css_animation=&#8221;slideInDown&#8221;][vc_column width=&#8221;1\/2&#8243;][vc_single_image image=&#8221;833&#8243; img_size=&#8221;full&#8221; alignment=&#8221;center&#8221; style=&#8221;vc_box_outline&#8221;][\/vc_column][vc_column width=&#8221;1\/2&#8243; css=&#8221;.vc_custom_1525346327326{padding-top: 80px !important;}&#8221;][vc_column_text] Informujemy,\u00a0 o wprowadzeniu do naszej oferty\u00a0us\u0142ugi \u201ezawsze On-Line\u201d polegaj\u0105cej na mo\u017cliwo\u015bci wykupienia dodatkowego pakietu,<span class=\"excerpt-hellip\"> [\u2026]<\/span><\/p>\n","protected":false},"author":3,"featured_media":0,"parent":0,"menu_order":0,"comment_status":"closed","ping_status":"closed","template":"","meta":{"footnotes":""},"class_list":["post-168","page","type-page","status-publish","hentry"],"_links":{"self":[{"href":"https:\/\/www.inpar.pl\/index.php\/wp-json\/wp\/v2\/pages\/168","targetHints":{"allow":["GET"]}}],"collection":[{"href":"https:\/\/www.inpar.pl\/index.php\/wp-json\/wp\/v2\/pages"}],"about":[{"href":"https:\/\/www.inpar.pl\/index.php\/wp-json\/wp\/v2\/types\/page"}],"author":[{"embeddable":true,"href":"https:\/\/www.inpar.pl\/index.php\/wp-json\/wp\/v2\/users\/3"}],"replies":[{"embeddable":true,"href":"https:\/\/www.inpar.pl\/index.php\/wp-json\/wp\/v2\/comments?post=168"}],"version-history":[{"count":24,"href":"https:\/\/www.inpar.pl\/index.php\/wp-json\/wp\/v2\/pages\/168\/revisions"}],"predecessor-version":[{"id":5685,"href":"https:\/\/www.inpar.pl\/index.php\/wp-json\/wp\/v2\/pages\/168\/revisions\/5685"}],"wp:attachment":[{"href":"https:\/\/www.inpar.pl\/index.php\/wp-json\/wp\/v2\/media?parent=168"}],"curies":[{"name":"wp","href":"https:\/\/api.w.org\/{rel}","templated":true}]}}